{"id":143,"date":"2023-09-15T15:18:22","date_gmt":"2023-09-15T15:18:22","guid":{"rendered":"https:\/\/cipte.co\/vrdaycol\/?page_id=143"},"modified":"2025-08-28T14:20:51","modified_gmt":"2025-08-28T14:20:51","slug":"que-es","status":"publish","type":"page","link":"https:\/\/cipte.co\/vrdaycol\/que-es\/","title":{"rendered":"\u00bfQu\u00e9 es?"},"content":{"rendered":"\t\t<div data-elementor-type=\"wp-page\" data-elementor-id=\"143\" class=\"elementor elementor-143\" data-elementor-post-type=\"page\">\n\t\t\t\t\t\t<section class=\"elementor-section elementor-top-section elementor-element elementor-element-fad98e1 elementor-section-height-min-height elementor-section-boxed elementor-section-height-default elementor-section-items-middle\" data-id=\"fad98e1\" data-element_type=\"section\">\n\t\t\t\t\t\t<div class=\"elementor-container elementor-column-gap-default\">\n\t\t\t\t\t<div class=\"elementor-column elementor-col-100 elementor-top-column elementor-element elementor-element-2bbe0b5\" data-id=\"2bbe0b5\" data-element_type=\"column\">\n\t\t\t<div class=\"elementor-widget-wrap elementor-element-populated\">\n\t\t\t\t\t\t<div class=\"elementor-element elementor-element-75a13de elementor-widget elementor-widget-heading\" data-id=\"75a13de\" data-element_type=\"widget\" data-widget_type=\"heading.default\">\n\t\t\t\t<div class=\"elementor-widget-container\">\n\t\t\t<h2 class=\"elementor-heading-title elementor-size-default\">\u00bfQu\u00e9 es el  Dia de la Realidad Virtual?<\/h2>\t\t<\/div>\n\t\t\t\t<\/div>\n\t\t\t\t<div class=\"elementor-element elementor-element-1e678a1 elementor-widget elementor-widget-text-editor\" data-id=\"1e678a1\" data-element_type=\"widget\" data-widget_type=\"text-editor.default\">\n\t\t\t\t<div class=\"elementor-widget-container\">\n\t\t\t\t\t\t\t<ul><li>Es un evento sin \u00e1nimo de lucro, abierto al p\u00fablico y gratuito, que se organiza al mismo tiempo en m\u00e1s de 70 ciudades de todo el mundo. Ver p\u00e1gina de la organizaci\u00f3n mundial aqu\u00ed: <strong><a href=\"https:\/\/virtualrealityday.org\/about-virtual-reality-day\/\">https:\/\/virtualrealityday.org\/about-virtual-reality-day\/\u00a0<\/a><\/strong><\/li><li>En este a\u00f1o 2025 la celebraci\u00f3n ser\u00e1 en los d\u00edas 10 al 14 y 21 y 22 de noviembre:<ul><li>Del 10 al 14 de noviembre organizaremos el GameJam Latam, en el que podr\u00e1n participar estudiantes, profesores, desarrolladores, productores multimedia, agencias, etc. Para desarrollar videojuegos con realidades extendidas.\u00a0<\/li><li>El viernes 21 de noviembre se desarrollara un evento acad\u00e9mico presencial \u00abVR Talks\u00bb en el que educadores, investigadores y representantes de diferentes instituciones podr\u00e1n compartir sus experiencias y proyectos relacionados con la inclusi\u00f3n y los entornos inmersivos de aprendizaje.\u00a0<\/li><li>El s\u00e1bado 22 de noviembre celebraremos el VR Day con la exposici\u00f3n de proyectos y desarrollos de entornos inmersivos con realidades extendidas.\u00a0\u00a0<\/li><\/ul><\/li><li>En Colombia, el Vr Day, Vr Talks y el Game Jam, los organizamos\u00a0La Fundaci\u00f3n Universitaria Konrad Lorenz, La Universidad de La Salle, La Universidad Nacional Abierta y a Distancia, Fundaci\u00f3n Universitaria Los Libertadores, XRCol y Demiurgo, y contamos con la colaboraci\u00f3n de diferentes Universidades y empresas del sector. Como equipo nos unimos a esta gran celebraci\u00f3n para fomentar el aprendizaje y uso de las Realidades Extendidas (RX), as\u00ed como para la creaci\u00f3n de una red de aprendizaje inmersivo en Colombia.<\/li><li>En estos d\u00edas vas a poder interactuar con diversas personas,\u00a0 universidades y empresas, nacionales e internacionales, que expondr\u00e1n diversos proyectos y soluciones de Realidad eXtendida de forma presencial o virtual.<\/li><\/ul><div>\u00a0<\/div><div>\u00a0<\/div><div>\u00a0<\/div>\t\t\t\t\t\t<\/div>\n\t\t\t\t<\/div>\n\t\t\t\t\t<\/div>\n\t\t<\/div>\n\t\t\t\t\t<\/div>\n\t\t<\/section>\n\t\t\t\t<section class=\"elementor-section elementor-top-section elementor-element elementor-element-96d7174 elementor-section-boxed elementor-section-height-default elementor-section-height-default\" data-id=\"96d7174\" data-element_type=\"section\">\n\t\t\t\t\t\t<div class=\"elementor-container elementor-column-gap-default\">\n\t\t\t\t\t<div class=\"elementor-column elementor-col-100 elementor-top-column elementor-element elementor-element-5e712ef\" data-id=\"5e712ef\" data-element_type=\"column\">\n\t\t\t<div class=\"elementor-widget-wrap elementor-element-populated\">\n\t\t\t\t\t\t<div class=\"elementor-element elementor-element-70ea40a elementor-widget elementor-widget-heading\" data-id=\"70ea40a\" data-element_type=\"widget\" data-widget_type=\"heading.default\">\n\t\t\t\t<div class=\"elementor-widget-container\">\n\t\t\t<h2 class=\"elementor-heading-title elementor-size-default\"> \u00bfQu\u00e9 actividades se desarrollan?<\/h2>\t\t<\/div>\n\t\t\t\t<\/div>\n\t\t\t\t<div class=\"elementor-element elementor-element-b136509 elementor-widget elementor-widget-text-editor\" data-id=\"b136509\" data-element_type=\"widget\" data-widget_type=\"text-editor.default\">\n\t\t\t\t<div class=\"elementor-widget-container\">\n\t\t\t\t\t\t\t<ul><li>En cada pa\u00eds se celebra con diferentes actividades.\u00a0 En Colombia puedes consultar toda la agenda <a href=\"https:\/\/cipte.co\/vrdaycol\/programacion\/\">aqu\u00ed<\/a>, que est\u00e1 compuesta por el VR Talks, GameJam, conferencias, conversatorios, talleres, muestra empresarial, y otras actividades.\u00a0 Este a\u00f1o celebraremos el evento de manera presencial en dos locaciones: el VR Talks en La Universidad de La Salle y el VR Day en la Universidad Nacional Abierta y a Distancia.<p>Puedes inscribirte al evento <a href=\"https:\/\/cipte.co\/vrdaycol\/inscripciones\/\">aqu\u00ed<\/a>.<\/p><\/li><\/ul>\t\t\t\t\t\t<\/div>\n\t\t\t\t<\/div>\n\t\t\t\t\t<\/div>\n\t\t<\/div>\n\t\t\t\t\t<\/div>\n\t\t<\/section>\n\t\t\t\t<section class=\"elementor-section elementor-top-section elementor-element elementor-element-e6e037a elementor-section-boxed elementor-section-height-default elementor-section-height-default\" data-id=\"e6e037a\" data-element_type=\"section\">\n\t\t\t\t\t\t<div class=\"elementor-container elementor-column-gap-default\">\n\t\t\t\t\t<div class=\"elementor-column elementor-col-100 elementor-top-column elementor-element elementor-element-7e06ae5\" data-id=\"7e06ae5\" data-element_type=\"column\">\n\t\t\t<div class=\"elementor-widget-wrap elementor-element-populated\">\n\t\t\t\t\t\t<div class=\"elementor-element elementor-element-d487411 elementor-widget elementor-widget-heading\" data-id=\"d487411\" data-element_type=\"widget\" data-widget_type=\"heading.default\">\n\t\t\t\t<div class=\"elementor-widget-container\">\n\t\t\t<h2 class=\"elementor-heading-title elementor-size-default\">\u00bfQu\u00e9 es la Realidad Extendida (RX)?<\/h2>\t\t<\/div>\n\t\t\t\t<\/div>\n\t\t\t\t<div class=\"elementor-element elementor-element-a19e52d elementor-widget elementor-widget-text-editor\" data-id=\"a19e52d\" data-element_type=\"widget\" data-widget_type=\"text-editor.default\">\n\t\t\t\t<div class=\"elementor-widget-container\">\n\t\t\t\t\t\t\t<ul><li>La Realidad Extendida hace referencia a la combinaci\u00f3n de entornos reales y virtuales en conjunto con la interacci\u00f3n humano-m\u00e1quina generada por un computador, sirviendo como paraguas para poder abarcar diversas \u00e1reas como realidad aumentada, virtual, mixta y realidades futuras.<\/li><\/ul>\t\t\t\t\t\t<\/div>\n\t\t\t\t<\/div>\n\t\t\t\t<div class=\"elementor-element elementor-element-7cdc964 elementor-widget elementor-widget-image\" data-id=\"7cdc964\" data-element_type=\"widget\" data-widget_type=\"image.default\">\n\t\t\t\t<div class=\"elementor-widget-container\">\n\t\t\t\t\t\t\t\t\t\t\t\t\t<img fetchpriority=\"high\" decoding=\"async\" width=\"1024\" height=\"556\" src=\"https:\/\/cipte.co\/vrdaycol\/wp-content\/uploads\/2023\/09\/rx-cuadro-1024x556.jpg\" class=\"attachment-large size-large wp-image-146\" alt=\"\" srcset=\"https:\/\/cipte.co\/vrdaycol\/wp-content\/uploads\/2023\/09\/rx-cuadro-1024x556.jpg 1024w, https:\/\/cipte.co\/vrdaycol\/wp-content\/uploads\/2023\/09\/rx-cuadro-300x163.jpg 300w, https:\/\/cipte.co\/vrdaycol\/wp-content\/uploads\/2023\/09\/rx-cuadro-768x417.jpg 768w, https:\/\/cipte.co\/vrdaycol\/wp-content\/uploads\/2023\/09\/rx-cuadro.jpg 1200w\" sizes=\"(max-width: 1024px) 100vw, 1024px\" \/>\t\t\t\t\t\t\t\t\t\t\t\t\t<\/div>\n\t\t\t\t<\/div>\n\t\t\t\t\t<\/div>\n\t\t<\/div>\n\t\t\t\t\t<\/div>\n\t\t<\/section>\n\t\t\t\t<section class=\"elementor-section elementor-top-section elementor-element elementor-element-728838f elementor-section-boxed elementor-section-height-default elementor-section-height-default\" data-id=\"728838f\" data-element_type=\"section\">\n\t\t\t\t\t\t<div class=\"elementor-container elementor-column-gap-default\">\n\t\t\t\t\t<div class=\"elementor-column elementor-col-100 elementor-top-column elementor-element elementor-element-58f58ea\" data-id=\"58f58ea\" data-element_type=\"column\">\n\t\t\t<div class=\"elementor-widget-wrap elementor-element-populated\">\n\t\t\t\t\t\t<div class=\"elementor-element elementor-element-17c7523 elementor-widget elementor-widget-heading\" data-id=\"17c7523\" data-element_type=\"widget\" data-widget_type=\"heading.default\">\n\t\t\t\t<div class=\"elementor-widget-container\">\n\t\t\t<h2 class=\"elementor-heading-title elementor-size-default\">\u00bfQu\u00e9 es la Realidad Aumentada (RA)?<\/h2>\t\t<\/div>\n\t\t\t\t<\/div>\n\t\t\t\t<div class=\"elementor-element elementor-element-9ccb50b elementor-widget elementor-widget-text-editor\" data-id=\"9ccb50b\" data-element_type=\"widget\" data-widget_type=\"text-editor.default\">\n\t\t\t\t<div class=\"elementor-widget-container\">\n\t\t\t\t\t\t\t<ul><li>Es una tecnolog\u00eda que permite la superposici\u00f3n de entornos virtuales en el entorno real mediante dispositivos m\u00f3viles, en donde el usuario podr\u00e1 interactuar con contenido virtualizado sin dejar de lado su entorno real, permiti\u00e9ndole la experimentaci\u00f3n con ambos entornos.<\/li><\/ul>\t\t\t\t\t\t<\/div>\n\t\t\t\t<\/div>\n\t\t\t\t\t<\/div>\n\t\t<\/div>\n\t\t\t\t\t<\/div>\n\t\t<\/section>\n\t\t\t\t<section class=\"elementor-section elementor-top-section elementor-element elementor-element-cba8071 elementor-section-boxed elementor-section-height-default elementor-section-height-default\" data-id=\"cba8071\" data-element_type=\"section\">\n\t\t\t\t\t\t<div class=\"elementor-container elementor-column-gap-default\">\n\t\t\t\t\t<div class=\"elementor-column elementor-col-100 elementor-top-column elementor-element elementor-element-c0ac3c2\" data-id=\"c0ac3c2\" data-element_type=\"column\">\n\t\t\t<div class=\"elementor-widget-wrap elementor-element-populated\">\n\t\t\t\t\t\t<div class=\"elementor-element elementor-element-1ff6238 elementor-widget elementor-widget-heading\" data-id=\"1ff6238\" data-element_type=\"widget\" data-widget_type=\"heading.default\">\n\t\t\t\t<div class=\"elementor-widget-container\">\n\t\t\t<h2 class=\"elementor-heading-title elementor-size-default\">\u00bfQu\u00e9 es la Realidad Virtual (RV)?<\/h2>\t\t<\/div>\n\t\t\t\t<\/div>\n\t\t\t\t<div class=\"elementor-element elementor-element-c3e1348 elementor-widget elementor-widget-text-editor\" data-id=\"c3e1348\" data-element_type=\"widget\" data-widget_type=\"text-editor.default\">\n\t\t\t\t<div class=\"elementor-widget-container\">\n\t\t\t\t\t\t\t<ul><li>Es una tecnolog\u00eda basada en entornos virtuales generados por un computador que permite a los usuarios interactuar, moverse y estar completamente inmersos en un entorno virtual. Al combinar diferentes tipos de hardware, se pueden lograr experiencias inmersivas con una recepci\u00f3n sensorial completamente simulada.<\/li><\/ul>\t\t\t\t\t\t<\/div>\n\t\t\t\t<\/div>\n\t\t\t\t\t<\/div>\n\t\t<\/div>\n\t\t\t\t\t<\/div>\n\t\t<\/section>\n\t\t\t\t<section class=\"elementor-section elementor-top-section elementor-element elementor-element-12b75b0 elementor-section-boxed elementor-section-height-default elementor-section-height-default\" data-id=\"12b75b0\" data-element_type=\"section\">\n\t\t\t\t\t\t<div class=\"elementor-container elementor-column-gap-default\">\n\t\t\t\t\t<div class=\"elementor-column elementor-col-100 elementor-top-column elementor-element elementor-element-36ce50e\" data-id=\"36ce50e\" data-element_type=\"column\">\n\t\t\t<div class=\"elementor-widget-wrap elementor-element-populated\">\n\t\t\t\t\t\t<div class=\"elementor-element elementor-element-907ca9b elementor-widget elementor-widget-heading\" data-id=\"907ca9b\" data-element_type=\"widget\" data-widget_type=\"heading.default\">\n\t\t\t\t<div class=\"elementor-widget-container\">\n\t\t\t<h2 class=\"elementor-heading-title elementor-size-default\">\u00bfQu\u00e9 es la Realidad Mixta (RM)?<\/h2>\t\t<\/div>\n\t\t\t\t<\/div>\n\t\t\t\t<div class=\"elementor-element elementor-element-8c271c7 elementor-widget elementor-widget-text-editor\" data-id=\"8c271c7\" data-element_type=\"widget\" data-widget_type=\"text-editor.default\">\n\t\t\t\t<div class=\"elementor-widget-container\">\n\t\t\t\t\t\t\t<ul><li>Es una mezcla entre la Realidad Aumentada y la Realidad Virtual, combinando los mejores aspectos de cada una.<\/li><li>Es una tecnolog\u00eda que combina el mundo real con el virtual, permitiendo la creaci\u00f3n de nuevos espacios en donde podr\u00e1n interactuar objetos como personas reales\/virtuales, adaptados al entorno real.<\/li><\/ul>\t\t\t\t\t\t<\/div>\n\t\t\t\t<\/div>\n\t\t\t\t\t<\/div>\n\t\t<\/div>\n\t\t\t\t\t<\/div>\n\t\t<\/section>\n\t\t\t\t<section class=\"elementor-section elementor-top-section elementor-element elementor-element-69e0d71 elementor-section-height-min-height elementor-section-boxed elementor-section-height-default elementor-section-items-middle\" data-id=\"69e0d71\" data-element_type=\"section\">\n\t\t\t\t\t\t<div class=\"elementor-container elementor-column-gap-default\">\n\t\t\t\t\t<div class=\"elementor-column elementor-col-100 elementor-top-column elementor-element elementor-element-86cc833\" data-id=\"86cc833\" data-element_type=\"column\">\n\t\t\t<div class=\"elementor-widget-wrap elementor-element-populated\">\n\t\t\t\t\t\t<div class=\"elementor-element elementor-element-6ee7e08 elementor-widget elementor-widget-image\" data-id=\"6ee7e08\" data-element_type=\"widget\" data-widget_type=\"image.default\">\n\t\t\t\t<div class=\"elementor-widget-container\">\n\t\t\t\t\t\t\t\t\t\t\t\t\t<img decoding=\"async\" width=\"1024\" height=\"585\" src=\"https:\/\/cipte.co\/vrdaycol\/wp-content\/uploads\/2024\/09\/IMG6-1024x585.jpg\" class=\"attachment-large size-large wp-image-1217\" alt=\"\" srcset=\"https:\/\/cipte.co\/vrdaycol\/wp-content\/uploads\/2024\/09\/IMG6-1024x585.jpg 1024w, https:\/\/cipte.co\/vrdaycol\/wp-content\/uploads\/2024\/09\/IMG6-300x171.jpg 300w, https:\/\/cipte.co\/vrdaycol\/wp-content\/uploads\/2024\/09\/IMG6-768x439.jpg 768w, https:\/\/cipte.co\/vrdaycol\/wp-content\/uploads\/2024\/09\/IMG6-1536x878.jpg 1536w, https:\/\/cipte.co\/vrdaycol\/wp-content\/uploads\/2024\/09\/IMG6.jpg 1792w\" sizes=\"(max-width: 1024px) 100vw, 1024px\" \/>\t\t\t\t\t\t\t\t\t\t\t\t\t<\/div>\n\t\t\t\t<\/div>\n\t\t\t\t\t<\/div>\n\t\t<\/div>\n\t\t\t\t\t<\/div>\n\t\t<\/section>\n\t\t\t\t<\/div>\n\t\t","protected":false},"excerpt":{"rendered":"<p> [&hellip;]<\/p>\n","protected":false},"author":1,"featured_media":0,"parent":0,"menu_order":0,"comment_status":"closed","ping_status":"closed","template":"","meta":{"footnotes":""},"class_list":["post-143","page","type-page","status-publish","hentry"],"_links":{"self":[{"href":"https:\/\/cipte.co\/vrdaycol\/wp-json\/wp\/v2\/pages\/143","targetHints":{"allow":["GET"]}}],"collection":[{"href":"https:\/\/cipte.co\/vrdaycol\/wp-json\/wp\/v2\/pages"}],"about":[{"href":"https:\/\/cipte.co\/vrdaycol\/wp-json\/wp\/v2\/types\/page"}],"author":[{"embeddable":true,"href":"https:\/\/cipte.co\/vrdaycol\/wp-json\/wp\/v2\/users\/1"}],"replies":[{"embeddable":true,"href":"https:\/\/cipte.co\/vrdaycol\/wp-json\/wp\/v2\/comments?post=143"}],"version-history":[{"count":108,"href":"https:\/\/cipte.co\/vrdaycol\/wp-json\/wp\/v2\/pages\/143\/revisions"}],"predecessor-version":[{"id":2013,"href":"https:\/\/cipte.co\/vrdaycol\/wp-json\/wp\/v2\/pages\/143\/revisions\/2013"}],"wp:attachment":[{"href":"https:\/\/cipte.co\/vrdaycol\/wp-json\/wp\/v2\/media?parent=143"}],"curies":[{"name":"wp","href":"https:\/\/api.w.org\/{rel}","templated":true}]}}